= -243 - -809. List the prime factors of h.
2, 283
Let t = -251 + 253. Suppose 5*u + 37 = 3*x, 3*u = -4*x + 5*x - 19. Suppose -r + x*v + t = 0, r - 16 = -r + 4*v. What are the prime factors of r?
2, 7
Suppose 0 = 21*f - 9311 + 155. What are the prime factors of f?
2, 109
Suppose 4*f = -2*h - 6 - 20, -4*f = -4. Let b = h + 45. What are the prime factors of b?
2, 3, 5
Suppose 5*v = -n - 16, -2*n - 3*v = 3 + 1. Suppose 5*s - 4*l = 406, -s + n*l + 106 = 28. List the prime factors of s.
2, 41
Let w = -138 - 53. Let z = w + 320. List the prime factors of z.
3, 43
Let t(g) = 6*g**2 + 9*g - 10. Suppose 0 = i + 26 - 30. List the prime factors of t(i).
2, 61
Suppose 4*v - 1261 = 215. List the prime factors of v.
3, 41
Suppose 0 = 7*y - 1171 - 3743. What are the prime factors of y?
2, 3, 13
Let z be 27/18*(2 - (-2)/3). List the prime factors of 1/(-4) + z + (-762)/(-8).
3, 11
Let o = 189 - 141. List the prime factors of o.
2, 3
Suppose 0 = -22*t + 36 + 2846. List the prime factors of t.
131
Suppose 6*j = 8*j - 5*h - 2347, 3*h - 9 = 0. What are the prime factors of j?
1181
Let k = 38 - -25. Suppose 103 = -c + 4*c + 2*a, -5*c + 180 = -5*a. Let m = k - c. List the prime factors of m.
2, 7
Suppose -7*j + 2895 + 3069 = 0. Suppose 4*w - j = -4*z, 0*z + 4*z = 3*w + 887. List the prime factors of z.
2, 109
Let w(y) = y**3 - 15*y**2 - 64*y + 7. What are the prime factors of w(21)?
7, 11, 17
Let p = -80 + 82. Suppose h = -p*r + 134, -2*h + 5*h + 2*r - 406 = 0. List the prime factors of h.
2, 17
Suppose 26*d - 44*d = -8118. List the prime factors of d.
11, 41
Let w(t) = -34*t - 81. Let o(u) = -4*u**2 - u - 7. Let i be o(0). What are the prime factors of w(i)?
157
Suppose 0 = 4*v + p - 661, 10*v = 8*v + 5*p + 303. List the prime factors of v.
2, 41
Let d(p) = p**3 - 9*p**2 + 15*p - 9. Let f be d(7). List the prime factors of 453/f*(20/15 + -2).
151
Suppose 0 = 2*f - 2. Suppose f = 2*x - 5. Suppose -2 = -4*u + 2*u - 2*n, -x*u + 4*n + 10 = 0. What are the prime factors of u?
2
Suppose 3*m - 2 - 7 = 0. Suppose -4*h + 54 = 3*o, h = 2*o - m*h - 56. Let j = 55 - o. List the prime factors of j.
3, 11
Suppose 13*o = 20*o + 413. Let k = o + 135. What are the prime factors of k?
2, 19
Suppose -4*w + 152 + 1428 = 0. List the prime factors of w.
5, 79
Let f = -132 - -41. What are the prime factors of (-10)/5 + -1 - f?
2, 11
Let s(i) be the first derivative of -5*i**4/4 - i**2/2 - i - 1. Suppose 3*u - 4*v + 15 = 0, -2*u = -3*v - 19 + 30. List the prime factors of s(u).
5
Let w = 169 + 65. Let s = w - 42. List the prime factors of s.
2, 3
Suppose -5*x + 3*o + 940 = 4*o, 4*x = -3*o + 763. What are the prime factors of x?
11, 17
Let f be (-114)/(-4)*(-56)/(-42). Suppose -5*a + 1003 - f = 0. List the prime factors of a.
193
Suppose 5*m = 4*a + 770, -m + 137 = -2*a - 23. Let n = m + -96. What are the prime factors of (-40)/6*n/(-12)?
2, 3, 5
Suppose -5*p + 401 = -194. Suppose -6*c + p = -451. List the prime factors of c.
5, 19
Suppose 2*m = -12 + 48. Let l be -4 + 6 + 9 + -4. Let g = m - l. List the prime factors of g.
11
Let z = 23 + -20. Suppose 3*i - 190 = -4*d, -2*i + 0*i = z*d - 126. List the prime factors of i.
2, 3, 11
Suppose 15 = 5*b, -x + 14*b - 13*b + 1783 = 0. List the prime factors of x.
2, 19, 47
Let d = 1 - 19. Let f be (-186)/d - (-2)/(-6). What are the prime factors of (f/4 + -2)*52?
2, 13
Let b = 39 - 34. Suppose p = 5*h + 42, 0*p - 264 = -b*p - 2*h. Let u = p + 17. What are the prime factors of u?
3, 23
Suppose 0 = -5*t - 5*k + 175, 0 = -5*t + t + 5*k + 104. Suppose 3*q - t = 3*n + 209, -5*n + 25 = 0. What are the prime factors of q?
5, 17
Suppose 7*o = 2*o + 2835. What are the prime factors of o?
3, 7
Suppose 4*d + 1046 = 2*f, 7*f + 4*d + 2633 = 12*f. What are the prime factors of f?
23
Let w be (-1 - 1) + (-102)/(-17). List the prime factors of 6/(11/20 + w/(-10)).
2, 5
Suppose -2*l - 4 + 16 = 0. Let g(h) = h**3 - 4*h**2 - h - 3. What are the prime factors of g(l)?
3, 7
Suppose 30*w = 1367 + 3523. What are the prime factors of w?
163
Suppose 5*f - 12 + 2 = 0. Suppose -248 = -2*u - f*u. What are the prime factors of u?
2, 31
Suppose -5*p + 4*k = 14 + 59, -3*k = 2*p + 20. Let m = p + 18. Suppose -t + m*v = -39, 65 = 5*t - 4*v - 25. What are the prime factors of t?
2, 7
Suppose 4*u - 2*x - 3*x + 8 = 0, 0 = -4*u - 2*x + 20. Suppose 2*j + 14 = u*j. Let q = -10 + j. What are the prime factors of q?
2
Let v(m) = 143*m**2 + 33*m + 14. What are the prime factors of v(5)?
2, 1877
Let r(y) = -120*y - 10. List the prime factors of r(-5).
2, 5, 59
Let x(z) = -z**3 + 9*z**2 - 3*z. Suppose 0 = n - 6*n. Suppose n*l = -l + 8. List the prime factors of x(l).
2, 5
Suppose -5*r = 3*s - 2599, -2*r + 0*r + 5*s + 1021 = 0. What are the prime factors of r?
2, 7, 37
Let f(z) = -7*z - 3. Let s(o) = -o - 1. Let l(b) = -f(b) + 3*s(b). Let r be l(1). List the prime factors of ((-12)/r*4)/(-2).
2, 3
Suppose 0 = -2*m + 3*n - 4*n - 2, -2*m - 8 = -2*n. Let w be -1 - m - (-8)/2. Suppose w*d - 41 = -1. What are the prime factors of d?
2
Let d(c) = 16*c**3 + 37*c - 231. What are the prime factors of d(6)?
3, 383
List the prime factors of (12/(-14))/(-7 + (-90745)/(-12964)).
2, 463
Suppose s + g + 139 = 3*s, 4*s - 293 = -g. Suppose -2*c = -5*c + s. Let u = -12 + c. What are the prime factors of u?
2, 3
Let a(d) = d**2 + 22*d + 27. Let s be a(-14). Let w = s - -199. What are the prime factors of w?
2, 3, 19
Let i(k) = -103*k - 48. List the prime factors of i(-11).
5, 7, 31
List the prime factors of (2 + 1026)/(12 + (-19 - -9)).
2, 257
Let l be 20/8*(-16)/(-10). Let b be ((-36)/(-9))/(l/(-10)). What are the prime factors of (-9 - 1)*b/4?
5
Let n = 2029 - -257. What are the prime factors of n?
2, 3, 127
Let z be ((-4)/2)/(6/(-9)). Let x = z - -42. What are the prime factors of x?
3, 5
Let t = 26 + 3. Let g = 43 - t. Let k = 4 + g. What are the prime factors of k?
2, 3
Let n(g) = 3 - 7 - 6*g + 0*g - g**2. Let t be n(-4). Suppose 0*p - 3*p + 115 = t*j, 0 = p - 2*j - 45. What are the prime factors of p?
41
Let y(b) = -b**3 + b**2 - 3*b + 1. Let t be y(0). Let f(k) = 84*k + 4. What are the prime factors of f(t)?
2, 11
Let y(q) = -10*q - 6. Let b(i) = -29*i - 17. Let u(g) = 2*b(g) - 7*y(g). List the prime factors of u(5).
2, 17
Suppose 3*y - 7 = 2*q, -y + 6 = y. Suppose l = -1 - q, 2 = 2*s - 4*l. List the prime factors of s/6 + (-15)/(-2).
7
Suppose g - 742 = 3*g. What are the prime factors of (g/(-28))/(1/4)?
53
Suppose 2555 = o - 3*b, 3620 = 3*o + 2*b - 4078. What are the prime factors of o?
2, 641
Suppose 2*o - 3*u - u - 534 = 0, 0 = 2*u + 4. List the prime factors of o.
263
Suppose 0 = -4*z - 4*g + 564, 9*z = 7*z + 5*g + 275. What are the prime factors of z?
2, 5, 7
Let c(s) = s**2 - 12. Let y be c(-4). What are the prime factors of 1/y + (-1353)/(-44)?
31
Let i = -186 - -175. Let g(t) = -t**3 + 12 - 5 + 4 - 12*t - 12*t**2. List the prime factors of g(i).
2, 11
Let b = -906 + 1785. List the prime factors of b.
3, 293
List the prime factors of 163*((-22)/(-10) + 18/(-90)).
2, 163
Suppose -p + 25 = -1919. What are the prime factors of p?
2, 3
Let s(i) = 13*i - 2*i**2 - 5*i**3 - 11*i + 4*i**3. What are the prime factors of s(-5)?
5, 13
Suppose 4*x + 1 = 201. Suppose -60 = -s + x. List the prime factors of s.
2, 5, 11
Let c(w) = w**2 + 24*w + 22. Let d be c(-9). Let n = d - -216. What are the prime factors of n?
103
Suppose 5*m - u = 1230 + 111, -4*m + 4*u = -1060. Suppose 3*k - m = 4*t, 0 = -4*k - 0*t - 2*t + 322. List the prime factors of k.
83
Let z = 2192 - 1022. What are the prime factors of z?
2, 3, 5, 13
List the prime factors of (-1915)/2*(-108)/135.
2, 383
Let t be -2 - -1*-1*27. Let r(n) = 2*n**2 - 10*n - 22. Let j be r(9). Let d = t + j. List the prime factors of d.
3, 7
Let g = 55 - 114. Let k = g - -86. What are the prime factors of k?
3
Suppose -4*t - 28 - 12 = 0. List the prime factors of (-68)/t - 2/(-10).
7
Let x(h) = h**2 - 6*h + 10. Let i be x(5). Suppose i*l = -20, -2*j + 7*j + 4*l = -41. Let s(p) = p**3 + 5*p**2 - 3*p + 3. List the prime factors of s(j).
2, 3
Suppose -5*t - 5*s - 8 = -t, -2*s + 1 = 3*t. Suppose -8*r + 211 = -t*r + 2*d, -5*r = -4*d - 193. List the prime factors of r.
41
Suppose 1831 = 38*k + 615. What are the prime factors of k?
2
Suppose z + 1560 = 6*z. Suppose -z 